{"id":204,"date":"2016-04-08T16:31:29","date_gmt":"2016-04-08T14:31:29","guid":{"rendered":"http:\/\/casasusy.info\/?page_id=204"},"modified":"2025-12-14T22:38:21","modified_gmt":"2025-12-14T21:38:21","slug":"prezzi","status":"publish","type":"page","link":"https:\/\/casasusy.info\/?page_id=204","title":{"rendered":"PREZZI"},"content":{"rendered":"<p>[et_pb_section fb_built=&#8221;1&#8243; _builder_version=&#8221;4.16&#8243; background_color=&#8221;#aad7dd&#8221; use_background_color_gradient=&#8221;on&#8221; global_colors_info=&#8221;{}&#8221;][et_pb_row _builder_version=&#8221;4.16&#8243; background_size=&#8221;initial&#8221; background_position=&#8221;top_left&#8221; background_repeat=&#8221;repeat&#8221; global_colors_info=&#8221;{}&#8221;][et_pb_column type=&#8221;4_4&#8243; _builder_version=&#8221;4.16&#8243; custom_padding=&#8221;|||&#8221; global_colors_info=&#8221;{}&#8221; custom_padding__hover=&#8221;|||&#8221;][et_pb_text admin_label=&#8221;Text&#8221; _builder_version=&#8221;4.19.1&#8243; background_size=&#8221;initial&#8221; background_position=&#8221;top_left&#8221; background_repeat=&#8221;repeat&#8221; global_colors_info=&#8221;{}&#8221;]<\/p>\n<p class=\"Standard\" style=\"text-align: justify;\"><img loading=\"lazy\" decoding=\"async\" class=\"size-full wp-image-151 aligncenter\" src=\"https:\/\/casasusy.info\/wp-content\/uploads\/2016\/04\/bandiera1.gif\" alt=\"\" width=\"30\" height=\"22\" \/><\/p>\n<p class=\"Standard\" style=\"text-align: justify;\">Check-in e check-out preferibili nei giorni infrasettimanali, tranne la Domenica. Durata del soggiorno minimo 4 notti in bassa stagione e 6 notti in alta stagione. I prezzi sono indicati nei singoli appartamenti e si intendono al giorno; Compreso nel prezzo: luce, acqua, gas.<\/p>\n<p style=\"text-align: justify;\">Costi extra: Pulizie finali bilocale: \u20ac 50,00 &#8211; Trilocale: \u20ac 70,00 &#8211; Tassa di soggiorno \u20ac 2,00 per persona al giorno, gettone lavatrice \u20ac 3,00 al lavaggio, eventuale biancheria da letto \u20ac 7,00 al cambio, asciugamani \u20ac 4,00 al cambio, riscaldamento\u00a0 \u20ac 2,60 all\u2019ora al consumo (Casa Susy) e \u20ac 4,20 al mc. al consumo (Casa Paese). Internet Wi-Fi a richiesta.<\/p>\n<p style=\"text-align: justify;\">Animali domestici ammessi solo nell&#8217;appartamento &#8220;Tipo 3&#8221; e a &#8220;Casa Poli&#8221; per \u20ac 8,00 al giorno.<\/p>\n<p style=\"text-align: justify;\">Lenzuola comprese nel prezzo solo in &#8220;Casa Poli&#8221;<\/p>\n<p style=\"text-align: justify;\"><img loading=\"lazy\" decoding=\"async\" class=\"size-full wp-image-150 aligncenter\" src=\"https:\/\/casasusy.info\/wp-content\/uploads\/2016\/04\/bandieraTedesca.gif\" alt=\"\" width=\"30\" height=\"22\" \/><\/p>\n<p style=\"text-align: justify;\"><span id=\"result_box\" class=\"\" lang=\"de\"><span class=\"\"><span id=\"result_box\" class=\"\" lang=\"de\" tabindex=\"-1\">Check-in und Check-out vorzugsweise an Wochentagen, au\u00dfer Sonntags. Mindestaufenthalt 4 N\u00e4chte in der Nebensaison und 6 N\u00e4chte in der Hochsaison. Die Preise sind in den einzelnen Wohnungen Seiten und sind pro Tag angezeigt;<\/span> Im Preis inbegriffen<\/span>: <span class=\"\">Strom, Wasser,<\/span> <span class=\"\">Gas<\/span>.<\/span><\/p>\n<p><span class=\"\">Nebenkosten :<\/span> Endreinigung Zweizimmerwohnung: \u20ac 50,00 &#8211; Dreizimmerwohnung: \u20ac 70,00 &#8211; <span class=\"\">Kurtaxe<\/span> \u20ac 2<span class=\"\">,00 pro Person pro Tag<\/span><span class=\"\">, Waschmaschine<\/span> \u20ac 3,00 pro W\u00e4sche, jede <span class=\"\">Bettw\u00e4sche<\/span> <span class=\"\">\u20ac 7,00 pro<\/span> <span class=\"\">Wechsel, Handt\u00fccher <\/span>\u00a0\u20ac 4,00 pro Wechsel, <span id=\"result_box\" class=\"short_text\" lang=\"de\" tabindex=\"-1\">Heizung \u20ac 2,60 pro Stunde <span class=\"alt-edited\">(Casa Susy) und<\/span><\/span> \u20ac 4,20 <span class=\"\">pro Kubikmeter (Casa Paese)<\/span><span class=\"\">. Wi-Fi Internet auf Anfrage.<br \/><\/span><\/p>\n<p><span class=\"\">Haustiere nur im Apartment &#8220;Typ 3&#8221; und im &#8220;Casa Poli&#8221; f\u00fcr 8,00 \u20ac pro Tag erlaubt.<\/span><\/p>\n<p><span class=\"\">Bettw\u00e4sche im Preis inbegriffen nur in &#8220;Casa Poli&#8221;<\/span><\/p>\n<p style=\"text-align: justify;\"><img loading=\"lazy\" decoding=\"async\" class=\"size-full wp-image-149 aligncenter\" src=\"https:\/\/casasusy.info\/wp-content\/uploads\/2016\/04\/bandiera-inglese.gif\" alt=\"\" width=\"30\" height=\"22\" \/><\/p>\n<p style=\"text-align: justify;\"><span id=\"result_box\" class=\"\" lang=\"en\" tabindex=\"-1\"><span class=\"alt-edited\"><span class=\"\">Check-in and check-out preferable on weekdays, except Sunday. Minimum stay 4 nights in low season and 6 nights in high season. The prices are indicated<\/span> <span class=\"\">in the individual<\/span> <span class=\"\">apartments and<\/span> <span class=\"\">are per day<\/span><span class=\"\">; <\/span>The price includes<\/span>: electricity, water, gas.<\/span><\/p>\n<p>Extra costs<span class=\"\">: Final cleaning two-room-apartment: \u20ac 50,00 &#8211; three-room-apartment: \u20ac 70,00 &#8211; Tourist tax<\/span> \u20ac 2.00 per person per day, washing machine \u20ac 3,00 per wash, any linen \u20ac 7<span class=\"\">,00 per<\/span> <span class=\"\">change, towels<\/span> \u20ac 4,00 per change, heating \u20ac 2.60 per hour (Casa Susy) and \u20ac 4.20 per cubic meter (Casa Paese)<span class=\"\">. Wi-Fi internet on demand.<br \/><\/span><\/p>\n<p><span class=\"\">Pets allowed only in apartment &#8220;Type 3&#8221; and in &#8220;Casa Poli&#8221; for \u20ac 8.00 per day.<\/span><\/p>\n<p><span class=\"\">Sheets included in the price only in &#8220;Casa Poli&#8221;<\/span><\/p>\n<p>[\/et_pb_text][et_pb_text admin_label=&#8221;Text&#8221; _builder_version=&#8221;4.16&#8243; background_size=&#8221;initial&#8221; background_position=&#8221;top_left&#8221; background_repeat=&#8221;repeat&#8221; text_orientation=&#8221;center&#8221; module_alignment=&#8221;center&#8221; global_colors_info=&#8221;{}&#8221;]<\/p>\n<p style=\"text-align: center;\"><strong>CONDIZIONI DI STORNO &#8211; STORNOBEDINGUNGEN &#8211; CANCELLATION TERMS<\/strong><\/p>\n<p>[\/et_pb_text][et_pb_text admin_label=&#8221;Text&#8221; _builder_version=&#8221;4.16&#8243; background_size=&#8221;initial&#8221; background_position=&#8221;top_left&#8221; background_repeat=&#8221;repeat&#8221; global_colors_info=&#8221;{}&#8221;]<\/p>\n<p class=\"Standard\" style=\"text-align: justify;\"><img loading=\"lazy\" decoding=\"async\" class=\"size-full wp-image-151 aligncenter\" src=\"https:\/\/casasusy.info\/wp-content\/uploads\/2016\/04\/bandiera1.gif\" alt=\"\" width=\"30\" height=\"22\" \/><\/p>\n<p><span id=\"result_box\" class=\"\" lang=\"it\" tabindex=\"-1\">Fino a 45 giorni prima dell&#8217;arrivo il 15% del costo dell&#8217;intero soggiorno<br \/> Da 44 fino a 35 giorni prima dell&#8217;arrivo 50% del costo dell&#8217;intero soggiorno<br \/> Da 34 giorni prima dell&#8217;arrivo 80% del costo dell&#8217;intero soggiorno<\/span><span id=\"result_box\" class=\"\" lang=\"it\" tabindex=\"-1\"><\/span><span id=\"result_box\" class=\"\" lang=\"it\" tabindex=\"-1\"><br \/> Se si decide di annullare la prenotazione \u00e8 necessario inviare una e-mail o un fax e attendere nostra conferma <\/span><\/p>\n<p><span id=\"result_box\" class=\"\" lang=\"it\" tabindex=\"-1\">(se non si dovesse ricevere alcuna risposta, significa che la vostra richiesta non \u00e8 stata ricevuta e si potrebbe incorrere in spese di cancellazione pi\u00f9 elevate<span class=\"\">).<\/span><\/span><\/p>\n<p style=\"text-align: justify;\"><img loading=\"lazy\" decoding=\"async\" class=\"size-full wp-image-150 aligncenter\" src=\"https:\/\/casasusy.info\/wp-content\/uploads\/2016\/04\/bandieraTedesca.gif\" alt=\"\" width=\"30\" height=\"22\" \/><\/p>\n<p>Bis 45 Tage vor Anreise 15% der Kosten des gesamten Aufenthalts<br \/> Ab 44 bis 35 Tage vor Anreise 50% der Kosten des gesamten Aufenthalts<br \/> Ab 34 Tage vor Anreise 80% der Kosten des gesamten Aufenthalts<br \/> Falls Sie die Buchung zu absagen entscheiden, brauchen wir eine E-Mail oder Fax von Ihnen zu bekommen und wir werden die Best\u00e4tigung der Erhaltung schicken<\/p>\n<p>(wenn Sie nichts von uns erhalten, meint es, dass wir die E-Mail nicht erhaltet haben und Sie werden dann h\u00f6heren Stornogeb\u00fchren bezahlen m\u00fcssen).<\/p>\n<p style=\"text-align: justify;\"><img loading=\"lazy\" decoding=\"async\" class=\"size-full wp-image-149 aligncenter\" src=\"https:\/\/casasusy.info\/wp-content\/uploads\/2016\/04\/bandiera-inglese.gif\" alt=\"\" width=\"30\" height=\"22\" \/><\/p>\n<p><span id=\"result_box\" class=\"\" lang=\"en\" tabindex=\"-1\">Until <span class=\"\">45 days before arrival<\/span> 15%\u00a0of the cost of the entire stay<br \/> From 44 <span class=\"\">up to 35 days<\/span> <span class=\"\">before arrival 50% of the cost of the entire stay<\/span><br \/> From 34 <span class=\"\">days before arrival 80<\/span><span class=\"\">% of the cost of the entire stay<\/span><\/span><span id=\"result_box\" class=\"\" lang=\"en\" tabindex=\"-1\"><br \/> If you choose to cancel the <span class=\"\">booking<\/span>, <span class=\"\">we need to receive<\/span> an e-mail or fax from you and we will confirm the cancellation <\/span><\/p>\n<p><span id=\"result_box\" class=\"\" lang=\"en\" tabindex=\"-1\">(if you <span class=\"\">don&#8217;t receive an answer<\/span> <span class=\"\">from us<\/span>, it means that we did not get your cancellation and you may have to pay higher cancellation fee)<span class=\"\">.<\/span><\/span><\/p>\n<p>&nbsp;<\/p>\n<p>[\/et_pb_text][\/et_pb_column][\/et_pb_row][et_pb_row _builder_version=&#8221;4.16&#8243; background_size=&#8221;initial&#8221; background_position=&#8221;top_left&#8221; background_repeat=&#8221;repeat&#8221; global_colors_info=&#8221;{}&#8221;][et_pb_column type=&#8221;4_4&#8243; _builder_version=&#8221;4.16&#8243; custom_padding=&#8221;|||&#8221; global_colors_info=&#8221;{}&#8221; custom_padding__hover=&#8221;|||&#8221;][\/et_pb_column][\/et_pb_row][\/et_pb_section]<\/p>\n","protected":false},"excerpt":{"rendered":"<p>Check-in e check-out preferibili nei giorni infrasettimanali, tranne la Domenica. Durata del soggiorno minimo 4 notti in bassa stagione e 6 notti in alta stagione. I prezzi sono indicati nei singoli appartamenti e si intendono al giorno; Compreso nel prezzo: luce, acqua, gas. Costi extra: Pulizie finali bilocale: \u20ac 50,00 &#8211; Trilocale: \u20ac 70,00 &#8211; [&hellip;]<\/p>\n","protected":false},"author":1,"featured_media":0,"parent":0,"menu_order":5,"comment_status":"closed","ping_status":"closed","template":"","meta":{"_et_pb_use_builder":"on","_et_pb_old_content":"","_et_gb_content_width":"","footnotes":""},"class_list":["post-204","page","type-page","status-publish","hentry"],"_links":{"self":[{"href":"https:\/\/casasusy.info\/index.php?rest_route=\/wp\/v2\/pages\/204","targetHints":{"allow":["GET"]}}],"collection":[{"href":"https:\/\/casasusy.info\/index.php?rest_route=\/wp\/v2\/pages"}],"about":[{"href":"https:\/\/casasusy.info\/index.php?rest_route=\/wp\/v2\/types\/page"}],"author":[{"embeddable":true,"href":"https:\/\/casasusy.info\/index.php?rest_route=\/wp\/v2\/users\/1"}],"replies":[{"embeddable":true,"href":"https:\/\/casasusy.info\/index.php?rest_route=%2Fwp%2Fv2%2Fcomments&post=204"}],"version-history":[{"count":78,"href":"https:\/\/casasusy.info\/index.php?rest_route=\/wp\/v2\/pages\/204\/revisions"}],"predecessor-version":[{"id":873,"href":"https:\/\/casasusy.info\/index.php?rest_route=\/wp\/v2\/pages\/204\/revisions\/873"}],"wp:attachment":[{"href":"https:\/\/casasusy.info\/index.php?rest_route=%2Fwp%2Fv2%2Fmedia&parent=204"}],"curies":[{"name":"wp","href":"https:\/\/api.w.org\/{rel}","templated":true}]}}